{"id":35,"date":"2016-02-19T09:01:19","date_gmt":"2016-02-19T09:01:19","guid":{"rendered":"http:\/\/www.educal.ch\/?page_id=35"},"modified":"2025-01-15T09:05:14","modified_gmt":"2025-01-15T09:05:14","slug":"sorglos-in-die-zukunft","status":"publish","type":"page","link":"https:\/\/www.educal.ch\/","title":{"rendered":"Buchhaltung"},"content":{"rendered":"<h6 style=\"text-align: center;\"><span style=\"color: #808080;\">Sie arbeiten\u00a0selbst und st\u00e4ndig, sind \u00fcberhaupt kein Zahlenmensch und w\u00fcnschen Sich eine bl\u00fchende, entspannte Zukunft f\u00fcr sich und Ihr Gesch\u00e4ft?<\/span><\/h6>\n<h6 style=\"text-align: center;\"><span style=\"color: #808080;\">Dann ist es an der Zeit f\u00fcr Outsourcing!<\/span><\/h6>\n<hr \/>\n<p style=\"text-align: center;\"><span style=\"color: #808080;\">Wir Haben die optimale L\u00f6sung f\u00fcr Sie. Egal welche Branche und Gesch\u00e4ftsform\u00a0<\/span><\/p>\n<p style=\"text-align: center;\"><span style=\"color: #808080;\">wir buchen alle!<\/span><\/p>\n<p style=\"text-align: center;\">\n<p style=\"text-align: left;\"><span style=\"color: #808080;\">Mit dem Sorglos All Inclusive Paket zum Fixpreis von Educal holen Sie sich bestm\u00f6gliche Vorteile F\u00fcr sich und Ihr Unternehmen;<\/span><\/p>\n<ul>\n<li style=\"list-style-type: none;\">\n<ul>\n<li><span style=\"color: #808080;\">Keine un\u00fcberschaubaren Treuhandrechnungen<\/span><\/li>\n<li><span style=\"color: #808080;\">Eine professionelle Zweitmeinung, die Ihren R\u00fccken st\u00e4rkt<\/span><\/li>\n<li><span style=\"color: #808080;\">minimaler Administrationsaufwand zu maximalem Erfolg<\/span><\/li>\n<li><span style=\"color: #808080;\">ab 180.00 CHF\/Monat<\/span><\/li>\n<\/ul>\n<\/li>\n<\/ul>\n<ul>\n<li style=\"list-style-type: none; text-align: left;\"><\/li>\n<\/ul>\n<ul>\n<li style=\"list-style-type: none;\"><\/li>\n<\/ul>\n<h6><\/h6>\n<h6 style=\"text-align: center;\"><span style=\"color: #808080;\">Visionieren Sie Ihr gesch\u00e4ftliches\u00a0Morgen, wir stehen an Ihrer Seite\u00a0und r\u00e4umen das Gestern auf.<\/span><\/h6>\n<p style=\"text-align: center;\"><a href=\"mailto:info@educal.ch\">info@educal.ch<\/a><\/p>\n<p style=\"text-align: center;\"><span style=\"color: #808080;\">071 971 35 40<\/span><\/p>\n<p><span class=\"Apple-converted-space\" style=\"color: #ffffff;\">\u00a0<\/span><\/p>\n<p><span style=\"color: #ffffff;\">Treuhand Steuererkl\u00e4rung Steuern Steuerberatung Steuerberater Steuerberat Steuerbare Steueramt Steueroptimierung Steuern Steuer Gewinnsteuern Kapitalsteuern Verrechnungssteuer Verm\u00f6genssteuern Veranlagung Steuerrevision Steuerveranlagung Einkommenssteuern Turbenthal T\u00f6sstal Maischhausen Elgg Schottikon Elsau R\u00e4terschen Winterthur Gr\u00fcze Hegi Wiesendangen Kappel Z\u00fcnikon Bertschikon Hagenbuch Hofstetten Schlatt Hutzikon Wila Ifwil Bichelsee Balterswil Wiezikon Hurnen 8360 Eschlikon EschlikonTG Eschlikon TG \u00a0Sirnach Thurgau Aadorf Dussnang Fischingen Wallenwil Ettenhausen Guntershausen T\u00e4nikon Oberhofen Matzingen W\u00e4ngi M\u00fcnchwilen Tuttwil Wittenwil Wil Bronschhofen St. Margarethen Krillberg Wiezikon Horben Busswil Wilen Gloten Seelmatten Stettfurt Lommis Affeltrangen Wetzikon Bauma Saland Schalchen TG ZH Neutal B\u00e4retswil Adetswil Hinwil Wernetshausen Ringwil Hittnau D\u00fcrstelen Kanton Thurgau Kanton Z\u00fcrich Z\u00fcrcher Oberland Tannzapfenland Hinterthurgau Weinfelden Ottenberg Bronschhofen Bettwiesen Tobel T\u00e4gerschern Tobel-T\u00e4gerschen Affeltrangen Wetzikon Bussnang B\u00fcrgeln Amlikon Bissegg Amlikon-Bissegg Griesenberg Eschikofen Lustdorf Thundof Stettfurt H\u00fcttlingen Felben-Wellhausen Felben Wellghausen M\u00fcllheim Wigoltingen Hugelshofen Weerswilen Dotnach Pfyn Dettighofen Engwilen Ellighausen Kemmental Raperswilen<span class=\"Apple-converted-space\">\u00a0 <\/span>H\u00f6rhausen Homburg G\u00fcdelhart W\u00e4ldi Lengwil<\/span><\/p>\n<p><span style=\"color: #ffffff;\"><b><span class=\"Apple-converted-space\">\u00a0<\/span><\/b><\/span><\/p>\n<p><span style=\"color: #ffffff;\">attraktiv attraktive absch\u00e4tzbar absch\u00e4tzbare absehbar absehbare Accounting Administrationsl\u00f6sung aktiv alles Alles-inklusive Aufwand Aufwendungen Ausgaben Auslagen Auslagerung auslagern ausserhalb ausw\u00e4rtig ausw\u00e4rtige Belastung Belege bequem bequeme berechenbar berechenbare berechnend beruhigt beruhigte betriebliche betriebswirtschaftliche betriebswirtschaftliches Bilanz Bilanzen bilanzieren Bilanzierung bleiben Buchf\u00fchrung Buchf\u00fchrungsl\u00f6sung Buchhalter Buchhalterwechsel Buchhaltung Buchhaltungen Buchhaltungs Buchhaltungsservice Buchhaltungsl\u00f6sung B\u00fcroorganisation Controlling definitiv diskret diskrete doppelt doppelte einfach einfache einfachste einf\u00e4ltig erfolgreich erfolgreiche erkennbar erledigt erledigte Erleichterung exakt exakte extern externe externem externen externer externes fest feste festen festgelegten Festpreis Finanzbuchhaltung Finanzen Firma Firmen fix fixe fixierte fixierten Fixpreis Fixpreise Fixpreisen Fixpreises Frau Frauen froh frohe frohen fr\u00f6hlich fr\u00f6hliche full fullservice full-service funktionsf\u00e4hig funktionsf\u00e4higes funktionsf\u00e4hige garantierter Generalbuchhaltung Gesch\u00e4ftst\u00e4tigkeit Gewinne gl\u00fccklich gl\u00fcckliche g\u00fcnstig g\u00fcnstigen g\u00fcnstige g\u00fcnstigste g\u00fcnstigeren Handwerk Hauptbuchhaltung heiter heitere in inklusiv inklusive interessant interessante ist kalkulierbar kalkulierbare kaufm\u00e4nnisch kaufm\u00e4nnische kaufm\u00e4nnischem kaufm\u00e4nnischer kaufm\u00e4nnisches kinderleicht kinderleichte komplettservice komplett komplette Konditionen konkurrenzlos konkurrenzlose Kosten Kostenrechnung Kostenrechnungen laufende lebhaft leicht leichte light leichtherzig leichtlebig Lohn L\u00f6hne Lohnabrechnungen Lohnabrechnung L\u00f6sung L\u00f6sungen l\u00fcckenlos l\u00fcckenlose Management m\u00fchelos m\u00fchelose optimal opitmale Optimierung optimierbar Optimierungspotenzial Optimierungspotenziale ordentliche ordnungsgem\u00e4sse Organisation outsourcebar outsourcen Personalwesen plan planbar planbar Preise Preis problemlos problemlose Profit profitieren Rechnungen Rechnungsf\u00fchrer Rechnungslegung Rechnungswesen Ressourcen Ressource Rundum saldieren sch\u00f6n sch\u00f6ne sch\u00f6ner sch\u00f6nsten schlichte schlicht Service Sekretariat sicher simpel simpelste simpelstem simpelsten simpelster simpelstes simple simplem simplen simpler simplere simplerem simpleren simplerer simpleres simples solide solider sonnig sorgenfrei sorgenlos sorglos sparen sparend Spesen spielend spielende Standardpreis strategisch strategische Stress stressfrei stressfreie stresslos stresslose Summe total totale Totalservice transparent transparente transparentere Transparenz Treuh\u00e4nderin Treuh\u00e4nder Treuhaenderwechsel Treuh\u00e4nderwechsel Treuhandl\u00f6sung \u00fcberschaubar \u00dcberschaubare umstellen Umstellung unbek\u00fcmmert unbek\u00fcmmerte unbeschwert unbeschwerte unbesorgt unbesorgte unkompliziert unkomplizierte Unkosten unproblematisch unproblematische unschwer unschwere Unternehmen Unternehmensf\u00fchrung vereinbaren vereinbart vereinbarte vereinbarten Verwaltung vorausberechenbar vorausberechenbare voraussagbar voraussagbare voraussehbar voraussehbare vorauszusehen vorhersagbar vorhersehbar vorhersehbare vorherzusehen Zahlung Zahlungen Zahlungsverkehr Zeit zuverl\u00e4ssig zuverl\u00e4ssige zuverl\u00e4ssiger zuverl\u00e4ssige<\/span><\/p>\n","protected":false},"excerpt":{"rendered":"<p>Sie arbeiten\u00a0selbst und st\u00e4ndig, sind \u00fcberhaupt kein Zahlenmensch und w\u00fcnschen Sich eine bl\u00fchende, entspannte Zukunft f\u00fcr sich und Ihr Gesch\u00e4ft? Dann ist [&hellip;]<\/p>\n","protected":false},"author":2,"featured_media":0,"parent":2,"menu_order":0,"comment_status":"closed","ping_status":"closed","template":"","meta":{"footnotes":""},"class_list":["post-35","page","type-page","status-publish","hentry"],"_links":{"self":[{"href":"https:\/\/www.educal.ch\/index.php?rest_route=\/wp\/v2\/pages\/35","targetHints":{"allow":["GET"]}}],"collection":[{"href":"https:\/\/www.educal.ch\/index.php?rest_route=\/wp\/v2\/pages"}],"about":[{"href":"https:\/\/www.educal.ch\/index.php?rest_route=\/wp\/v2\/types\/page"}],"author":[{"embeddable":true,"href":"https:\/\/www.educal.ch\/index.php?rest_route=\/wp\/v2\/users\/2"}],"replies":[{"embeddable":true,"href":"https:\/\/www.educal.ch\/index.php?rest_route=%2Fwp%2Fv2%2Fcomments&post=35"}],"version-history":[{"count":17,"href":"https:\/\/www.educal.ch\/index.php?rest_route=\/wp\/v2\/pages\/35\/revisions"}],"predecessor-version":[{"id":209,"href":"https:\/\/www.educal.ch\/index.php?rest_route=\/wp\/v2\/pages\/35\/revisions\/209"}],"up":[{"embeddable":true,"href":"https:\/\/www.educal.ch\/index.php?rest_route=\/wp\/v2\/pages\/2"}],"wp:attachment":[{"href":"https:\/\/www.educal.ch\/index.php?rest_route=%2Fwp%2Fv2%2Fmedia&parent=35"}],"curies":[{"name":"wp","href":"https:\/\/api.w.org\/{rel}","templated":true}]}}